*b + z, 4*b + 8 = -n - 11. Is 73/2 - (-9)/b a prime number?
False
Let p(b) = b**3 - 4*b**2 + 26*b + 3. Is p(16) composite?
False
Is 5*-1*((-5788)/10 + -1) prime?
False
Let b(k) = 3*k**3 - 4*k**2 + 2*k + 2. Let x = 15 + -13. Let i be (x - 8)*(-4)/8. Is b(i) a composite number?
False
Suppose 14*l - 9*l = 15895. Suppose -3*s + h = -l, 6*h - 5321 = -5*s + 2*h. Is s prime?
True
Suppose -10*g + 61525 = -50665. Is g prime?
False
Let o be 33/(-1)*20/(-3). Suppose o = -4*k - k. Is (k - (-1 + 0))/(-1) a composite number?
False
Suppose -4*l + 475 = l. Suppose -u + 4*n + 20 = 3*u, 3*n = -3. Suppose -u*s - s = -l. Is s a prime number?
True
Suppose -g + 18 = 4*u - 0*g, -4*g - 23 = -3*u. Suppose -u*d + 2*m + 3*m + 305 = 0, d - 73 = -2*m. Is d prime?
False
Let w be (33/6 + -4)*2/1. Let c(n) = 33*n**3 + 3*n**2 + 4. Is c(w) composite?
True
Suppose -n + 6 = n. Suppose 5*o = -4*z + 6*z - 789, -2*o + 1231 = n*z. Is z a composite number?
True
Let z(c) = -27*c - 57. Is z(-12) a prime number?
False
Let z be (-1254)/(-266) + (-1 - 18/(-14)). Is 4 - -1*(1986 - z) a composite number?
True
Suppose 10*p = 55*p - 437895. Is p prime?
False
Let b = 325 + -106. Suppose 0 = -4*a - 2*x - 250, -4*a - 2*x + x = 249. Let j = a + b. Is j a prime number?
True
Is (1*4/(-2))/((-16)/14776) a composite number?
False
Let d(u) = 25*u**2 + 2*u - 425. Is d(-18) composite?
False
Is 3083 + (-3 - -7)*-1 prime?
True
Let o = -1876 - -1022. Let z = o + 1707. Is z a composite number?
False
Let i = 45 - 33. Suppose 0 = f + i - 571. Is f composite?
True
Let z = 42588 - 20749. Is z a prime number?
True
Suppose 0 = 3*f - 232 - 158. Suppose 0 = g + 120 - 31. Let t = f - g. Is t composite?
True
Suppose -5*i + 4*u - 135 = 0, 61 = -2*i + 3*u + 14. Let n = 50 + i. Is n prime?
True
Suppose 1122 = 2*f - 5*r, -4*r = 4*f - 0*r - 2188. Is f a composite number?
True
Suppose 306 = -z + 2*z. Suppose 0 = 4*k + 3*u - 1352, -z = -k - u + 31. Is k prime?
False
Let q be ((-12)/27)/(2/18*-2). Suppose q*h = 422 + 464. Is h prime?
True
Let h be (-6 - -3)*(-236)/3. Suppose -4*p + 5*l - 15 = 0, 0*l - 9 = -3*p - 3*l. Suppose p*q - 5 = q, 0 = -j + 5*q + h. Is j prime?
True
Let d(u) = 21*u**2 + 6*u - 10. Is d(17) composite?
True
Suppose -4*o - 3*o = -14. Suppose 3*a = -o*h + 434, 223 = h + 2*a + a. Is h composite?
False
Let b(q) = 1257*q - 140. Is b(49) prime?
False
Suppose -5*p - 1195 = -0*p. Let r be (-12)/16*-4 + 3 + -432. Let d = p - r. Is d composite?
True
Suppose -9*c + 15988 = -18149. Is c composite?
False
Let j be 1/(4/(-2))*0. Suppose 6*s - 4*s - 12 = j. Suppose s*r = 3*r + 255. Is r prime?
False
Suppose 4*j - 68 = 372. Suppose -4*t + j = t. Is t prime?
False
Suppose 0 = 6*z - 11654 - 4012. Is z composite?
True
Let c be (1/(1/(-3)))/((-15)/(-220)). Let p = c + 95. Is p a prime number?
False
Let b(d) = -121*d + 21 - 32 - 35*d + 28*d. Let h be b(-7). Let w = h + -586. Is w a prime number?
False
Suppose z + 35116 = 4*w, 2*z - 3944 = 5*w - 47839. Is w composite?
False
Suppose 0 = -12*k + 4 + 44. Suppose 0 = i + k*v - 257, v - 288 = 4*i - 1316. Is i a prime number?
True
Suppose 4*h + 4 - 12 = 0. Suppose 3*o - 6*o + 17 = -h*g, -2*o = g - 2. Suppose 3*f = -3*i + 336, -5*f + 221 = -o*f + 3*i. Is f composite?
True
Is 9/(-5) + 2 - 188/(-10) prime?
True
Let a = 62 + -55. Suppose -2*r + a*r = 10195. Is r a prime number?
True
Let j = 52 + -36. Let b = j - 18. Is (b - -51*1) + -3 composite?
True
Is ((-26382)/9)/(18/(-27)) a composite number?
False
Let r = 3 - 3. Suppose r = -5*i + 4199 + 1646. Suppose 5*l = 116 + i. Is l prime?
True
Let g = 9 - 4. Suppose 4*y - g*u - 1199 = -247, 4*y + 2*u - 924 = 0. Is y a composite number?
False
Suppose -412 - 131 = -3*m. Let x be (-9 + 8)/((-1)/m). Suppose u - 4 = 0, -2*u = -3*j - x + 872. Is j prime?
True
Is 63/36*4548/(2 - -1) composite?
True
Let o = -3783 - -10904. Is o a prime number?
True
Suppose t + o = 7078 + 10390, -5*t + 87355 = 2*o. Is t composite?
True
Let o(q) be the first derivative of 1395*q**2/2 + 16*q - 31. Is o(3) prime?
True
Let h(v) be the third derivative of -61*v**4/24 + v**3 + 4*v**2. Let b(y) = -123*y + 11. Let n(s) = -3*b(s) + 5*h(s). Is n(7) composite?
True
Let f(s) = 66*s + 10. Let d be f(4). Let t = -96 + d. Is t a composite number?
True
Let b = 25 + -8. Suppose -3*s - 2*s = -2*d - 19, 4*s - b = d. Suppose d*x = 4*u - 1530, 2*x - 1 = -5. Is u a prime number?
False
Let a(f) = 5*f - 5. Let k be a(12). Suppose 0 = -11*c + 6*c + k. Let n(q) = q**3 - 9*q**2 - 14*q - 11. Is n(c) prime?
False
Suppose 6 = -2*d - 2, -2*f = 3*d - 7750. Is f composite?
False
Let h be -9 - 16/(4 - 0). Let y(t) = -t**3 - 14*t**2 - 18*t - 8. Is y(h) a prime number?
False
Let k(i) = -3*i**3 + i**2 - i - 3. Let f be k(-4). Let m = -3 - f. Is (1 - 0)*(5 - m) composite?
True
Let g = -1716 + 3382. Let n = -473 + g. Is n prime?
True
Is (-14709)/(-27) - 20/(-90) prime?
False
Let g = 32 - 30. Suppose -2*d - 2*k + 5*k = -1690, g*d = -2*k + 1710. Is d composite?
True
Let w(r) = 100*r**2 + 18*r - 11. Let x be w(7). Suppose 2*l + 3*l = x. Is l prime?
False
Let v = -416 + 2409. Is v composite?
False
Suppose -4055 = -3*x - 4*h, 0*h - 5365 = -4*x + 3*h. Suppose 10*y = 5*y + x. Let u = y - 146. Is u composite?
True
Let m = 2121 - 1034. Suppose 4422 = 7*b - m. Is b composite?
False
Let c(l) = 125*l - 21. Is c(4) a composite number?
False
Let k = -26 - -15. Let t = 46 + k. Is t prime?
False
Let a(p) = -p + 34. Let k be a(12). Is ((580/8 - 2) + 4)*k a composite number?
True
Suppose n + 6*x + 1 = 3*x, 0 = -4*n - 3*x - 31. Let k(i) = -15*i - 23. Is k(n) composite?
False
Is (-3)/(-5) + -32*(-2708)/40 a composite number?
True
Let w be (-7)/(-3) + 10/15. Suppose 0 = c + w*c + 8. Is c/6 - (-4400)/15 a composite number?
False
Let q(w) = 639*w**3 - 5*w**2 + 10*w - 2. Let p be q(2). Suppose 13*x + p = 23*x. Is x composite?
True
Suppose -w + 3*w = 0. Suppose w = 2*h - 234 - 1508. Is h composite?
True
Let n be ((-4)/6)/(5/(-30)). Suppose 4*b + 5 + 0 = -5*l, -b = 3*l - n. Suppose 4*p + 2*r - 1018 = 0, -4*p - 4*r = -l*r - 1023. Is p prime?
True
Let n = -13 + 12. Let u = n + 7. Is (26/(-2))/(u/(-30)) a composite number?
True
Suppose -4422 = -2*g - 4*w, -4*g + 4*w + 8796 = -0*g. Is g composite?
False
Let s = -3396 - -8267. Is s a prime number?
True
Let j(v) = -973*v**3 + 2*v**2 + 5*v + 7. Is j(-2) composite?
False
Let c(x) = 1361*x - 8. Let g be c(5). Suppose r - 5*z = -2*r + 4093, -4*z + g = 5*r. Is r prime?
True
Is (15 - 14)/((-2)/(-3058)) prime?
False
Let d = 2300 - -844. Suppose s = 5*l - 2042 - d, -5*s - 2079 = -2*l. Is l a prime number?
False
Let v(w) = -w**3 + 7*w**2 - 6*w + 3. Let b be v(6). Suppose -2*u + 169 = h, b*h = -h + 3*u + 731. Is h prime?
True
Let g = 215 - 141. Let n = g + 53. Is n prime?
True
Let f(b) = b**3 + 7*b**2 - b + 2. Let l be f(-7). Suppose -l*n + n + 8 = 0. Is (31 + -1)*5 - n composite?
False
Let g(l) = 18*l + 1. Let s(w) = 18*w + 2. Let f(c) = 3*g(c) - 2*s(c). Let d be (4/(-8))/(2/(-12)). Is f(d) prime?
True
Is 28685*(-28)/(-80)*4 a composite number?
True
Let w = -5835 - -9016. Is w composite?
False
Suppose 0 = 222*z - 214*z - 71096. Is z prime?
True
Suppose 0 = p - 4*i - 3758 - 5895, -5*p + 48169 = 4*i. Is p composite?
True
Suppose -26749 = -3*z + 5*b, -9*z + 8927 = -8*z + b. Is z prime?
True
Let m(x) = x**2 + 9*x + 1. Let p be (-20)/16*(-4)/10*18. Is m(p) composite?
False
Let h be 17 - 15 - (-14 + 1). Let s = -10 + h. Suppose -1638 = -s*x + 967. Is x composite?
False
Suppose -4*u = -5*u + x, 0 = -x. Let y = -2 - -4. Suppose 4*i + 3*g - 231 = 41, -y*i + 3*g + 154 = u. Is i a composite number?
False
Let s(n) = 62*n**2 + 37*n + 229. Is s(-14) composite?
False
Let f = 2989 - -6978. Is f prime?
True
Let t(c) = 438*c - 59. Is t(9) composite?
True
Is (-10)/4*-2084*5/10 composite?
True
Suppose 2*o - 12486 = 4*m, 73*o + 5*m = 68*o + 31245. Is o a composite number?
False
Let x(g) = 28 + 89*g - 57 + 28. Is x(2) composite?
True
Suppose 0 = -k - 777 + 3698. Is k a prime number?
False
Suppose 3*i - 4 = -2*i + 2*g, 0 = 5*g - 15. Let k be 3 - i*(-9)/(-2). Let r(l) = -3*l**3 - 7*l**2 - 4*l - 5. Is r(k) a composite number?
True
Let w = -70 + 71. Is (22/(-6) - -4)/(w/1137) composite?
False
Suppose y + 7*y - 48 = 0. Is (130/y)/(3/9) a composite number?
True
Let a(l) = -10*l**3 - 7*l**2 + 7*l + 29. Is a(-6) prime?
F